a composite number?
False
Let t(i) = 2*i**2 - 3*i + 1. Let l be t(4). Suppose -l*d + 105666 = d. Is d composite?
True
Is (-39 + 20 - -5322431) + -11 a prime number?
False
Let c(f) = -2*f**3 - 23*f**2 - 26*f + 32. Let w be c(-10). Is 210/(-24) + 9 + (-438)/w a composite number?
True
Let x = -104 - -109. Suppose 3*j - x*r - 20973 = -4434, 2*r + 11026 = 2*j. Is j prime?
False
Let d(c) = 10*c**2 - 76*c - 877. Is d(84) prime?
True
Let n = 52 + 21. Let g = n - -186. Suppose 3*v = -2*z + 3293, 3*z - g - 827 = -v. Is v a composite number?
True
Suppose -4*k + 3*a + 21 = 4*a, 5*k = -5*a + 45. Suppose -k + 2 = -d. Suppose -h + 447 = d*h. Is h composite?
False
Suppose -3*k = -16*k + 2*k. Suppose 5*x + 5*x - 6830 = k. Is x a composite number?
False
Is ((-193)/15 - -13) + 7969372/60 a prime number?
False
Let v(k) = 24*k**2 - 105*k - 149. Is v(-60) prime?
True
Let x = 1331 - -168. Suppose 6053 = 4*w + 3*b, w - 2*b - x = 2*b. Is w a prime number?
True
Let n = 277287 - -40120. Is n a composite number?
True
Is 2533200/78 + -4 - (-6)/78 composite?
True
Let z = 9864 + -6740. Let h = 5429 - z. Is h composite?
True
Suppose 38*m - 4212988 - 4628245 = -1173175. Is m a composite number?
False
Let u(z) = 1804 + 1863 + 54*z - 53*z. Is u(0) a composite number?
True
Let o(m) = 2*m + 9. Let k be o(-3). Suppose -5*x - a = -5*a + 36, 3*a = -k. Is (-5)/(-2) + (-10676)/x composite?
True
Let m be 3/(-6)*0*(-6)/(-12). Suppose 2*s = -2*b + 6046, m = 4*s + b - 0*b - 12080. Is s composite?
False
Let p = 452 + -449. Suppose -281798 = p*w - 25*w. Is w prime?
True
Suppose -2*g = -3*g + 1, 4*p = 3*g + 933625. Is p composite?
False
Suppose 5*n = 3*q - 76512, -34*n = -5*q - 28*n + 127513. Is q a composite number?
True
Suppose 18569 = -3*j - 4*r, 0*j + 4*r - 24796 = 4*j. Let z = 10093 + j. Is z composite?
True
Let g be (-280)/6 + -3*(-2)/9. Let y = g - -247. Suppose -y - 77 = -2*a. Is a composite?
False
Let c(v) = 152*v**2 - 43*v - 254. Is c(-5) composite?
False
Let h be (6/(-2)*-18)/(3 - 1). Let i = h - -12. Suppose 0*v + 3*v = i. Is v a prime number?
True
Let o = -893 - -911. Suppose -o*x + 4074 = -14412. Is x a prime number?
False
Suppose -4*t + t + 12 = 0. Suppose -3*s - 8*u + 15 = -3*u, u = t*s + 3. Suppose q + 2*o - 4*o - 199 = 0, 3*q - 2*o - 581 = s. Is q composite?
False
Suppose 49835 = 8*o + 11411. Is (o/(-6) + 2)*-2 prime?
True
Suppose 189006 = -5*m + 8*m. Suppose -20*p - 8182 = -m. Is p prime?
True
Let o be (-1)/((-4)/5588) + 6. Let l = o + 2636. Is l a prime number?
False
Suppose -9*x - 230 = -4*x. Let i = 25 + x. Is (2 + i/9)/(7/(-4683)) a prime number?
True
Let i(b) = -4781*b + 3. Is i(-38) prime?
False
Let x(l) = -3525*l - 1484. Let n(t) = 882*t + 371. Let q(p) = 11*n(p) + 3*x(p). Is q(-6) a composite number?
True
Suppose 3*m + 11 = -2*y, -3*m + 8*m - 5*y = -35. Let v be m*(-6)/9 + (-2)/6. Suppose -5*j - 2526 = -4*f, -v*f + 1896 = -0*f - 3*j. Is f a composite number?
True
Suppose -572*p + 583*p = 1830191. Is p prime?
False
Suppose 0 = 10*a - 268850 - 529960. Is a a composite number?
True
Let s be (-3 + 1 + 0)/(3/9). Is (-1 - (-1102)/s)/((-2)/6) a prime number?
False
Is (816793994/2242 - ((-4)/(-38))/(-1)) + 6 prime?
True
Suppose -6*w = 3 - 15. Is (-733680)/(-320) + w/8 composite?
False
Is (236946/7 - -11 - 6)*7 a prime number?
True
Let u(h) = -h**2 - h - 2. Let v(n) = 2*n**2 - n - 8*n**2 + 5*n**2 + 1 + n**3. Let f(c) = -u(c) + 5*v(c). Is f(6) a composite number?
False
Suppose 3*p = 0, 2*i - i = 3*p + 43933 + 93352. Is i a composite number?
True
Let d(q) = 4*q - 14. Let x be d(19). Suppose -x = 5*k + 3738. Let l = k + 1347. Is l prime?
True
Let l(r) = -245*r + 1. Let k(x) be the second derivative of -41*x**3 + x**2/2 - 11*x. Let z(s) = 4*k(s) - 3*l(s). Is z(-2) prime?
True
Suppose -4*n = -3036 - 2816. Suppose 0 = 3*q - 250 - n. Is q a composite number?
False
Let n(m) = 680*m**3 - m. Suppose -65 = 2*s - 297. Let p = 117 - s. Is n(p) a composite number?
True
Is ((-11755848)/780)/((-6)/15) a composite number?
True
Let n = 24 - 358. Let x = n - -109. Let o = x + 1508. Is o a prime number?
True
Suppose -4*v + v + 20 = n, 10 = v + 2*n. Let y(h) = 88*h**2 - 9*h - 11. Is y(v) composite?
True
Suppose 0 = 43*x - 1242146 - 837314 - 93631. Is x a composite number?
True
Let u(b) = b**3 + 102*b**2 + 37*b + 7. Is u(-88) prime?
True
Is 98504724*26/3120 - (1 + 39/(-30)) prime?
True
Let n be (5 + 0 + 0)*(-3174)/230. Let i = n + 72. Suppose i*w = 5*y + 271, 2*y + 178 = 2*w - 0*y. Is w composite?
True
Let w(s) = -23 + 255*s + 10 - 22 - 15 + 2. Is w(5) composite?
True
Let j = -10 + 28. Let d = -1 - j. Let o(q) = q**3 + 20*q**2 + 17*q - 5. Is o(d) prime?
False
Let y(z) = 76*z**3 - 72*z**2 + 878*z + 35. Is y(11) a prime number?
False
Suppose d = 35 - 41. Let v(y) = -1161*y + 10. Let n(w) = 580*w - 5. Let f(k) = d*v(k) - 13*n(k). Is f(-3) prime?
False
Is (-185)/(-40)*1142*(0 - -1*4) prime?
False
Suppose -3*y + 6*y = 4*c + 863739, 5*y + 15 = 0. Let x = -146642 - c. Is x a prime number?
False
Suppose -2532 = -26*n + 32*n. Is (-5 + 6)*n/(-2) a composite number?
False
Let f = -62508 + 108923. Is f a prime number?
False
Let o(g) = -1454*g**2 + 9*g + 6. Let i(w) = w**2 - w - 1. Let m(n) = -5*i(n) - o(n). Let v be m(2). Suppose v - 1194 = 3*f. Is f a composite number?
False
Let g = 2205 + -40. Is g a prime number?
False
Let r = 341058 + -84259. Is r a prime number?
True
Suppose 3*w + 4*y - 48 = -w, 0 = -2*w + 3*y + 29. Let x = 11 - w. Is x/(-2) + (-4 - 0) + 410 a composite number?
True
Suppose -138*w = -135*w - 43854. Suppose 3*g + w = 2*d, -g + 13518 = -4*d + 42754. Is d prime?
True
Suppose 6*u = -35*u + 3771221. Is u composite?
True
Suppose -2*m + 5 = 2*y + 3, 2*y - 17 = 3*m. Suppose -4*t - 2*l = -0*l - 970, y*t - 969 = -l. Let q = t - 103. Is q composite?
False
Let q = 32632 + -22733. Suppose -4*r + q = -4977. Is r composite?
False
Let a = 631 + -603. Suppose -571984 = -a*u + 128604. Is u a prime number?
False
Let z(b) = 61*b**2 - 7*b + 161. Let r(s) = -40*s**2 + 5*s - 107. Let k(n) = -8*r(n) - 5*z(n). Is k(-14) a prime number?
True
Let j be (-49)/(-42)*256*(-63)/(-12). Let a = 2685 - j. Is a composite?
False
Let t = 327 + -358. Is (-2)/(-12) - ((-22803755)/(-78))/t a composite number?
False
Let p(k) = 59*k - 1 - 33*k - 27*k + 3. Let y be p(2). Suppose y*s - 2*q + 10193 = 5*s, -q = 1. Is s prime?
True
Suppose c + 54600 = 42*i - 40*i, -5*c = 3*i - 81887. Is i a composite number?
False
Let g = -57 - -96. Let x = 47 - g. Suppose 0 = -x*t + 11*t - 789. Is t composite?
False
Let l be 1/((-40)/(-170)*(-1)/(-4)). Suppose -5*b - j + 3 = -2*b, -4*b + 3*j + l = 0. Suppose 3*y - 3*f - 162 = 0, b*f + 15 = -f. Is y prime?
False
Suppose 0 = 3*i - 2*m - 29341, -9*m + 11*m - 19564 = -2*i. Suppose 0 = 9*b - 17552 - i. Is b a composite number?
False
Suppose z = -n + 1983, 5*z = -2*n + 5435 + 4474. Let c = 2955 - z. Is c composite?
True
Let v be -6*(-9687*(-2)/18 - 5). Let g = 9189 + v. Is g prime?
False
Let v = -37 + 37. Suppose -49 = -7*f - v*f. Suppose 1797 = f*u - 58. Is u a prime number?
False
Let o(p) = -20*p - 64. Let g be o(-3). Is ((-508)/6)/((-226)/(-57) + g) a prime number?
False
Suppose 96360 = 12*x - 52*x. Let h = x - -4460. Is h a composite number?
True
Let u = 161010 - -16501. Is u composite?
False
Let y(m) = 26*m**2 + 27*m + 31*m - 6 - 63*m. Let g be -6 + (-4 - (-2 - 3)). Is y(g) composite?
True
Suppose -5*l - q = -15327 - 52509, -27137 = -2*l - 3*q. Is l prime?
True
Suppose -5*i = 4*y + 67, 14 + 19 = -3*y + 2*i. Let g(t) = t**3 + 14*t**2 + 13*t. Let a be g(y). Is a + 0 + 638 + (-6 - 1) prime?
True
Is (4043406/8)/((126/(-24))/(-7)) a prime number?
False
Suppose -4*m = -5*g + 3031 - 9369, 5*g - 2*m = -6344. Let j be -1*3*(18282/(-18) - 0). Let y = g + j. Is y composite?
False
Let q(d) = -4*d + 83. Let c be q(21). Is c/(-4) - (-2646)/8 a prime number?
True
Suppose -7 = -2*b - x + 36, -3*b = 3*x - 57. Suppose 56*r - 60*r = b. Let a(g) = -18*g - 31. Is a(r) prime?
False
Suppose -13*q - 43 = -108. Suppose 3*o + 2*w - 122635 = -2*w, -2*o - q*w = -81766. Is o a prime number?
False
Suppose -3*n + 1520 + 8526 = -2*w, 6704 = 2*n + 2*w. Suppose -31*c - n = -36*c. Suppose -4*p + 94 = -c. Is p prime?
True
Is (70959717/(-119))/(-3) + (-1 - (-18)/14) composite?
True
Suppose 2*s - 21 = -3*s - t, 0 = 3*s + 3*t - 15. 